-2 - -2)) + 4. Suppose 16 = l*x - 40. Calculate the highest common divisor of x and z.
8
Suppose 85*w + 1002 - 2001 - 13961 = 0. Let r = 26 + -10. Suppose 3*v - 4*v = -r. Calculate the highest common divisor of w and v.
16
Let w(h) = h**3 - 5*h**2 + 12*h - 78. Let l be w(6). Suppose -2*f - 3*d = -24, -5*d = -3*f + 6 + l. Calculate the greatest common divisor of 540 and f.
12
Let h(m) = 9*m**2 + 101*m + 1646. Let c be h(-17). Calculate the greatest common factor of 184 and c.
46
Suppose -14*z + 7*z - 2*i + 2883 = 0, 2077 = 5*z - 3*i. Calculate the greatest common divisor of 35 and z.
7
Suppose 0 = -8*l + 40 - 152. Let j(k) = -k**3 - 12*k**2 + 28*k + 16. Let t be j(l). What is the greatest common divisor of t and 6?
2
Let g = -4634 + 34781. Calculate the greatest common divisor of g and 78.
39
Let r(y) = -7 - 2*y + 11 - 1 + 6*y. Let z be r(2). Let n(d) = -d**3 + 2*d**2 + 7*d - 1. Let q be n(3). What is the highest common divisor of q and z?
11
Let t = 6675 + -6543. Calculate the highest common divisor of 1782 and t.
66
Let g = 123 + -33. Suppose 50 + 10 = 4*q. Suppose 3*m = -4*u + 62, -q*u = 3*m - 10*u - 64. What is the greatest common divisor of m and g?
18
Let i = 131 + -127. Let m be -2 + 1 + (i - 8) + 7. What is the highest common factor of m and 14?
2
Suppose 2 = m - 0. Suppose m*l + 8*l - 8320 = 0. What is the greatest common divisor of 13 and l?
13
Let b(r) = 10*r - 69. Let y be b(7). Let w be y + (-2 - 1) + 62. What is the greatest common factor of 12 and w?
12
Suppose -82*x - 55*x + 67541 = 0. What is the highest common factor of x and 29?
29
Suppose 0 = 17*h - 12762 - 3388. Let d(x) = -x**3 - 17*x**2 - x + 33. Let k be d(-17). Calculate the greatest common factor of h and k.
50
Let y = 12653 - 9158. What is the highest common factor of y and 45?
15
Suppose -3395 = -100*g + 99*g - 7*r, -4*r - 13420 = -4*g. What is the highest common factor of 168 and g?
168
Suppose -4*k + f = -2, -6 = 2*k - 2*f - 4. Suppose -34*w - 3*w + 3 = -145. Calculate the greatest common divisor of k and w.
1
Let u(l) = l**3 + 9*l**2 - l - 5. Let j be u(-9). Suppose 124 = z - 2*f + j*f, 4*z = -2*f + 520. What is the greatest common factor of z and 44?
44
Let y = 74 - -16. Let l = -88 + y. Suppose 48 + 6 = l*k. What is the highest common divisor of 27 and k?
27
Suppose -3*f = -304 - 413. Let n = -219 + f. Calculate the greatest common divisor of 160 and n.
20
Let x be 3/((-3 - (-118)/16) + -4). Let q = 22 - 16. Suppose 2*f = 2*s + 4*f - x, 0 = -5*s + 2*f + q. Calculate the highest common factor of 8 and s.
2
Let h be (-4)/(-30) - ((11 - 65332/60) + -10). What is the highest common divisor of h and 153?
17
Suppose 13*c = -0*c - c. Suppose 0*s = -s - 5*z + 77, -4*s + 5*z + 283 = c. What is the greatest common divisor of 24 and s?
24
Suppose -2*m + 4*p + 40 = 0, 5*m - 2 - 105 = 3*p. Let g = -4 + m. Suppose 4*v = 3*h - g - 8, 2*h = -4*v + 44. What is the highest common factor of 126 and h?
14
Let o be 7/(14/8) + 288/3. Suppose 0 = -17*g + 15*g + o. Let c = -61 - -91. What is the greatest common divisor of c and g?
10
Let n be (-3 + (-32)/(-12))*3*2. Let f be 7/((-21)/144)*(n + 3). Let p = 96 + f. What is the highest common factor of 12 and p?
12
Let o be (-44)/(1 + -2) - (43 - 47). What is the greatest common divisor of 240 and o?
48
Let t(k) = -89*k + 1163. Let m be t(13). Calculate the highest common factor of 640 and m.
2
Suppose -62*f = 5762 - 7436. Calculate the highest common factor of 5337 and f.
9
Let l = 161 + -100. Let g = l - 59. Suppose -4*b + v + 134 = 0, -b + v = -30 - g. Calculate the highest common divisor of b and 34.
34
Let l be 6 + -15 + 4 - (-11965)/5. What is the highest common factor of l and 1393?
199
Let h(s) = 2*s**3 + s**2 + 1. Let d(u) = -u**2 - 35*u - 65. Let a be d(-33). Let i be h(a). What is the greatest common factor of i and 164?
4
Let b(y) = -27983*y + 56162. Let o be b(2). Let d = 126 + -14. Calculate the greatest common factor of o and d.
28
Suppose 4*i - g - 216 = 0, 5*i + 0*i - g - 269 = 0. Let q be ((-2768)/1730)/((3 - 5) + 6/5). Calculate the greatest common factor of i and q.
1
Let s be (-1304)/(-14) + (-12)/84. Suppose 0 = -4*p - 2*g - 158, 4*p + 3*g + 70 = -s. Let r = 51 + p. Calculate the greatest common divisor of 2 and r.
2
Suppose -601 = -4*b + 2187. What is the greatest common divisor of b and 17?
17
Suppose 0 = 5*z - 207 - 788. Let d = 280 - z. Let h(w) = 156*w - 129. Let g be h(1). Calculate the highest common divisor of g and d.
27
Suppose 0*h + 2 = 3*f - 5*h, -f + 4*h = 4. Let w be (7/28 - 1)*-152. Let v = -94 + w. What is the highest common factor of v and f?
4
Let l = 388 + -209. Let g = l + -147. Calculate the highest common factor of g and 4.
4
Let u = 8107 - 5749. Calculate the greatest common divisor of 9 and u.
9
Let s(d) = -339*d - 1032. Let g be s(-5). What is the greatest common factor of g and 459?
51
Suppose -79400 = 96774*g - 96784*g. What is the greatest common factor of 20 and g?
20
Let c = -332 - -332. Let k be ((-320)/8)/((-2)/11 - c). Calculate the highest common factor of k and 11.
11
Suppose 3*n = -3, 2*x = 3*n + 2655 + 1300. What is the highest common factor of 39 and x?
13
Let z(i) = -106*i - 334. Let d be z(-4). What is the greatest common divisor of d and 690?
30
Let i = -37801 - -38176. Suppose 12 = -5*u + 387. Calculate the highest common factor of u and i.
75
Let x = 8 + -5. Suppose 2*p = x*p - 225. Let z = -548 - -573. Calculate the highest common divisor of p and z.
25
Let l be 10 - (1 - 0/(-4)). Suppose l*t = t + 168. Let p(d) = d**2 - 22*d + 28. Let f be p(t). What is the highest common factor of f and 63?
7
Let f(x) = 2023*x - 5176. Let w be f(12). Calculate the greatest common divisor of w and 100.
100
Suppose -218*m = -340*m + 5246. What is the highest common divisor of 516 and m?
43
Let y be -24*(-8)/18*1104/64. Suppose 131 = 7*h - y. Let p = 42 - 12. What is the greatest common divisor of p and h?
15
Let k = -3739 + 4057. What is the highest common divisor of 12 and k?
6
Let z(v) = 15*v + 3*v**2 - 3*v**2 - 8 + v**2. Let u be -18 - 20/(-12 + 2). Let r be z(u). What is the greatest common factor of r and 104?
8
Suppose 2*z + 24 = 4*w, 4*z = -2*w - 3*w + 56. Let u be ((-2)/(-4))/(w/(-16)) - -65. Calculate the greatest common divisor of u and 16.
16
Let m = -758 + 638. Let d = 176 + m. Calculate the highest common divisor of 12 and d.
4
Let s = -207 + 223. Suppose -5*z = -k - 4*k - 155, -z + 4*k + s = 0. Let m be (-245)/(-30) + (-1)/6. Calculate the highest common divisor of m and z.
4
Let f = -13 + 19. Suppose 374*d - 360*d - 84 = 0. Calculate the highest common divisor of f and d.
6
Suppose -3*h + 70*h + h - 612 = 0. Let t = 88 + -52. What is the greatest common factor of h and t?
9
Suppose 0 = 63*q - 58*q - 75240. Let p be q/380 + (-2)/(-5). Calculate the greatest common divisor of 760 and p.
40
Suppose 0 = -d - 5*i + 130, -i = 6*d - 7*d + 106. Calculate the highest common divisor of 1980 and d.
110
Suppose -8*f - 178 = -6*f. Let s = f - -185. Suppose 2*j = 4, -w + 0*w = 2*j - 16. What is the greatest common divisor of s and w?
12
Suppose 5*u - l - 24560 = 398, u - 4988 = 2*l. What is the highest common factor of 64 and u?
64
Let n be 2 + 54*4 + 2. Let u = -37359 + 37379. What is the greatest common factor of u and n?
20
Let j be -1 + (34/4)/(4/8). Let g be 40/j*1/((-10)/(-32)). Calculate the highest common factor of g and 64.
8
Let o be 2/(-2) - 1 - (0 + -508). Let t be ((-64)/(-24) + -10)/(4/(-12)). What is the highest common divisor of o and t?
22
Suppose -13*d + 74 + 43 = 0. Calculate the greatest common divisor of 12321 and d.
9
Suppose 3*u - 5*v - 200 = 0, 5*u + 4*v + v = 280. Let b = -103 - -208. Calculate the greatest common divisor of b and u.
15
Let w(a) = a**3 - 19*a**2 + 65*a + 1. Let i be w(3). Calculate the highest common factor of 37 and i.
1
Suppose 3*p - q = 659, 8*p + 7*q = 5*p + 691. What is the highest common divisor of p and 65?
13
Let o be ((-18)/24)/1*8*-16. Suppose 1 = a, 3*a - o = -4*g - 1. Suppose 0*v + 4*v - 2*s = 1020, 261 = v - 2*s. Calculate the greatest common factor of v and g.
23
Let n = 4729 - 4617. What is the greatest common factor of n and 63?
7
Suppose 0 = -24*k + 2*k - 2*k + 35448. Calculate the highest common factor of k and 35.
7
Let b = 